ivided by 529?
7
Calculate the remainder when 1458 is divided by 361.
14
What is the remainder when 196951 is divided by 93?
70
What is the remainder when 271667 is divided by 90532?
71
Calculate the remainder when 838539 is divided by 56.
51
Calculate the remainder when 184319 is divided by 46.
43
Calculate the remainder when 24342 is divided by 293.
23
Calculate the remainder when 8261 is divided by 1031.
13
Calculate the remainder when 6519 is divided by 6484.
35
Calculate the remainder when 10476 is divided by 10467.
9
Calculate the remainder when 34792 is divided by 75.
67
Calculate the remainder when 478738 is divided by 212.
42
Calculate the remainder when 1990 is divided by 200.
190
Calculate the remainder when 329685 is divided by 751.
747
What is the remainder when 4889 is divided by 48?
41
What is the remainder when 25554 is divided by 12770?
14
Calculate the remainder when 2036492 is divided by 1591.
12
What is the remainder when 11303 is divided by 5411?
481
Calculate the remainder when 14580 is divided by 180.
0
Calculate the remainder when 9149 is divided by 255.
224
Calculate the remainder when 13633 is divided by 296.
17
Calculate the remainder when 11832 is divided by 1670.
142
Calculate the remainder when 6147 is divided by 878.
1
What is the remainder when 97481 is divided by 10830?
11
Calculate the remainder when 116982 is divided by 412.
386
Calculate the remainder when 629172 is divided by 1040.
1012
Calculate the remainder when 5938 is divided by 5.
3
What is the remainder when 111946 is divided by 57?
55
Calculate the remainder when 65156 is divided by 1860.
56
What is the remainder when 100535 is divided by 21?
8
Calculate the remainder when 53448 is divided by 117.
96
What is the remainder when 60127 is divided by 10016?
31
Calculate the remainder when 1383 is divided by 357.
312
Calculate the remainder when 3548 is divided by 74.
70
Calculate the remainder when 15943 is divided by 15652.
291
Calculate the remainder when 397 is divided by 283.
114
Calculate the remainder when 191282 is divided by 63758.
8
Calculate the remainder when 2919 is divided by 172.
167
Calculate the remainder when 86285 is divided by 117.
56
Calculate the remainder when 342611 is divided by 186.
185
Calculate the remainder when 1355433 is divided by 338855.
13
Calculate the remainder when 116562 is divided by 9.
3
What is the remainder when 155796 is divided by 8?
4
What is the remainder when 39239 is divided by 19414?
411
What is the remainder when 3275 is divided by 204?
11
Calculate the remainder when 12219 is divided by 111.
9
What is the remainder when 6063 is divided by 74?
69
Calculate the remainder when 54298 is divided by 100.
98
What is the remainder when 27363 is divided by 14?
7
What is the remainder when 239560 is divided by 216?
16
What is the remainder when 1181 is divided by 590?
1
Calculate the remainder when 9854 is divided by 21.
5
Calculate the remainder when 665 is divided by 432.
233
What is the remainder when 8317 is divided by 4146?
25
What is the remainder when 6668 is divided by 115?
113
What is the remainder when 1247054 is divided by 23?
17
What is the remainder when 20607 is divided by 45?
42
Calculate the remainder when 19697 is divided by 161.
55
What is the remainder when 22527 is divided by 131?
126
What is the remainder when 33534 is divided by 4190?
14
What is the remainder when 2357 is divided by 284?
85
What is the remainder when 821 is divided by 272?
5
Calculate the remainder when 114393 is divided by 14297.
17
Calculate the remainder when 48357 is divided by 120.
117
Calculate the remainder when 262847 is divided by 139.
137
Calculate the remainder when 1144 is divided by 74.
34
What is the remainder when 29788 is divided by 39?
31
What is the remainder when 18058 is divided by 493?
310
Calculate the remainder when 1244 is divided by 175.
19
Calculate the remainder when 4447 is divided by 246.
19
Calculate the remainder when 22398 is divided by 280.
278
What is the remainder when 863 is divided by 768?
95
What is the remainder when 243760 is divided by 9749?
35
Calculate the remainder when 2444 is divided by 181.
91
Calculate the remainder when 75879 is divided by 294.
27
Calculate the remainder when 1761 is divided by 271.
135
Calculate the remainder when 34174 is divided by 133.
126
Calculate the remainder when 3123853 is divided by 141.
139
Calculate the remainder when 1109 is divided by 392.
325
Calculate the remainder when 563162 is divided by 285.
2
Calculate the remainder when 8065 is divided by 377.
148
Calculate the remainder when 28433 is divided by 55.
53
What is the remainder when 5733932 is divided by 26?
22
Calculate the remainder when 3732 is divided by 11.
3
What is the remainder when 2085 is divided by 123?
117
Calculate the remainder when 11138 is divided by 10794.
344
What is the remainder when 410540 is divided by 12?
8
What is the remainder when 26809 is divided by 3345?
49
What is the remainder when 15964 is divided by 2571?
538
Calculate the remainder when 107401 is divided by 41.
22
What is the remainder when 4634 is divided by 1566?
1502
Calculate the remainder when 15542 is divided by 67.
65
What is the remainder when 12031 is divided by 6012?
7
Calculate the remainder when 18696 is divided by 17.
13
Calculate the remainder when 15100 is divided by 104.
20
Calculate the remainder when 46536 is divided by 173.
172
What is the remainder when 248 is divided by 199?
49
Calculate the remainder when 948935 is divided by 11.
9
Calculate the remainder when 6919 is divided by 366.
331
What is the remainder when 529 is divided by 481?
48
What is the remainder when 52655 is divided by 52646?
9
Calculate the remainder when 12105 is divided by 31.
15
What is the remainder when 47825 is divided by 3985?
5
What is the remainder when 1810 is divided by 866?
78
Calculate the remainder when 1743547 is divided by 72.
67
What is the remainder when 120986 is divided by 611?
8
Calculate the remainder when 4966 is divided by 703.
45
What is the remainder when 7372 is divided by 418?
266
Calculate the remainder when 33312 is divided by 666.
12
What is the remainder when 2369 is divided by 264?
257
Calculate the remainder when 2311 is divided by 2294.
17
What is the remainder when 1694 is divided by 169?
4
Calculate the remainder when 13230 is divided by 16.
14
What is the remainder when 366957 is divided by 120?
117
Calculate the remainder when 24571 is divided by 682.
19
What is the remainder when 14766 is divided by 2458?
18
What is the remainder when 1105 is divided by 199?
110
What is the remainder when 8517 is divided by 8425?
92
Calculate the remainder when 2051 is divided by 1659.
392
What is the remainder when 370702 is divided by 2439?
2413
What is the remainder when 5379 is divided by 1323?
87
What is the remainder when 13186 is divided by 54?
10
Calculate the remainder when 12405 is divided by 93.
36
What is the remainder when 197002 is divided by 196?
22
What is the remainder when 84584 is divided by 9398?
2
Calculate the remainder when 189 is divided by 9.
0
What is the remainder when 126198 is divided by 20?
18
Calculate the remainder when 17897 is divided by 1617.
110
What is the remainder when 4048 is divided by 319?
220
What is the remainder when 22005 is divided by 10957?
91
Calculate the remainder when 191360 is divided by 216.
200
What is the remainder when 1048 is divided by 4?
0
What is the remainder when 8241 is divided by 66?
57
Calculate the remainder when 24951 is divided by 1385.
21
What is the remainder when 4570 is divided by 1455?
205
Calculate the remainder when 365966 is divided by 121984.
14
What is the remainder when 1729 is divided by 31?
24
What is the remainder when 6903 is divided by 720?
423
Calculate the remainder when 16492 is divided by 500.
492
Calculate the remainder when 5211 is divided by 5196.
15
Calculate the remainder when 3622 is divided by 65.
47
Calculate the remainder when 3289 is divided by 51.
25
What is the remainder when 22247 is divided by 10884?
479
Calculate the remainder when 193315 is divided by 20.
15
What is the remainder when 4007 is divided by 999?
11
What is the remainder when 111905 is divided by 111880?
25
Calculate the remaind